{"id":85,"date":"2012-12-19T01:49:05","date_gmt":"2012-12-18T23:49:05","guid":{"rendered":"http:\/\/www.calculare.eu\/wordpress\/?page_id=85"},"modified":"2016-01-04T01:24:25","modified_gmt":"2016-01-03T23:24:25","slug":"startseite","status":"publish","type":"page","link":"https:\/\/www.calculare.eu\/","title":{"rendered":"Philosophie"},"content":{"rendered":"<p><strong><span style=\"color: #e5cf29;\">ENTLASTEN<br \/>\n<\/span><\/strong>Sie Ihr Finanz- und\u00a0Personalmanagement durch das Team\u00a0von<br \/>\nCalculare,\u00a0wenn f\u00fcr\u00a0spezielle Aufgabenstellungen\u00a0unternehmens-<br \/>\neigenes Know-how\u00a0fehlt,\u00a0personelle Engp\u00e4sse auftreten\u00a0oder<br \/>\nerh\u00f6hter Termindruck entsteht.<\/p>\n<p style=\"text-align: left;\"><span style=\"color: #e5cf29;\"><strong><br \/>\nPROFITIEREN<br \/>\n<\/strong><\/span>Sie von einer auf Ihre\u00a0speziellen Bed\u00fcrfnisse zugeschnittenen Beratung sowie der\u00a0kompetenten Umsetzung definierter\u00a0Ziele.<\/p>\n<p style=\"text-align: justify;\"><span style=\"color: #e5cf29;\"><strong><br \/>\nGEWINNEN<br \/>\n<\/strong><\/span>Sie wertvolle Arbeitszeit,\u00a0um das Tagesgesch\u00e4ft zu erledigen\u00a0und sich auf Ihre Kernkompetenz zu\u00a0konzentrieren.<\/p>\n<p style=\"text-align: justify;\"><b><br \/>\n<\/b><strong>F\u00fcr ein pers\u00f6nliches, unverbindliches Gespr\u00e4ch stehen wir Ihnen gerne zur Verf\u00fcgung.<\/strong><\/p>\n","protected":false},"excerpt":{"rendered":"<p>ENTLASTEN Sie Ihr Finanz- und\u00a0Personalmanagement durch das Team\u00a0von Calculare,\u00a0wenn f\u00fcr\u00a0spezielle Aufgabenstellungen\u00a0unternehmens- eigenes Know-how\u00a0fehlt,\u00a0personelle Engp\u00e4sse auftreten\u00a0oder erh\u00f6hter Termindruck entsteht. PROFITIEREN Sie von einer auf Ihre\u00a0speziellen Bed\u00fcrfnisse zugeschnittenen Beratung sowie der\u00a0kompetenten Umsetzung definierter\u00a0Ziele. GEWINNEN Sie wertvolle Arbeitszeit,\u00a0um das Tagesgesch\u00e4ft zu erledigen\u00a0und sich auf Ihre Kernkompetenz zu\u00a0konzentrieren. F\u00fcr ein pers\u00f6nliches, unverbindliches Gespr\u00e4ch stehen wir Ihnen gerne zur Verf\u00fcgung.<\/p>\n","protected":false},"author":1,"featured_media":0,"parent":0,"menu_order":0,"comment_status":"closed","ping_status":"closed","template":"","meta":{"footnotes":""},"class_list":["post-85","page","type-page","status-publish","hentry"],"_links":{"self":[{"href":"https:\/\/www.calculare.eu\/index.php?rest_route=\/wp\/v2\/pages\/85","targetHints":{"allow":["GET"]}}],"collection":[{"href":"https:\/\/www.calculare.eu\/index.php?rest_route=\/wp\/v2\/pages"}],"about":[{"href":"https:\/\/www.calculare.eu\/index.php?rest_route=\/wp\/v2\/types\/page"}],"author":[{"embeddable":true,"href":"https:\/\/www.calculare.eu\/index.php?rest_route=\/wp\/v2\/users\/1"}],"replies":[{"embeddable":true,"href":"https:\/\/www.calculare.eu\/index.php?rest_route=%2Fwp%2Fv2%2Fcomments&post=85"}],"version-history":[{"count":31,"href":"https:\/\/www.calculare.eu\/index.php?rest_route=\/wp\/v2\/pages\/85\/revisions"}],"predecessor-version":[{"id":295,"href":"https:\/\/www.calculare.eu\/index.php?rest_route=\/wp\/v2\/pages\/85\/revisions\/295"}],"wp:attachment":[{"href":"https:\/\/www.calculare.eu\/index.php?rest_route=%2Fwp%2Fv2%2Fmedia&parent=85"}],"curies":[{"name":"wp","href":"https:\/\/api.w.org\/{rel}","templated":true}]}}